 = k + -22. What is the remainder when i is divided by 42?
38
Suppose 2*i + 4*k = 26, 13*i - 9 = 12*i - 4*k. Calculate the remainder when (2 - (2 + -14))*6 is divided by i.
16
Suppose 5*x = -0*s + s + 2, -5*x + 17 = 4*s. Suppose -z = s*w - 18, -18 = -z + w - 5*w. What is the remainder when 71 is divided by z?
17
Let r(n) = 5*n**2 - 16 + 4*n + n**3 - 13*n + 19. Calculate the remainder when 187 is divided by r(-5).
43
Suppose -71 = -9*g - 17. Suppose d - 3*x - g + 2 = 0, 0 = 3*d + 4*x - 38. Calculate the remainder when d is divided by 1.
0
Let j be 2 + (-3)/1*-1. What is the remainder when 34 is divided by 11 + (-1 - 4)/j?
4
Suppose 5*g = -46 + 156. Suppose 46 = u - i, -2*u + 3*i + 139 = 42. What is the remainder when u is divided by g?
19
Let h(f) = -f**3 - 27*f**2 - 28*f - 15. Calculate the remainder when 80 is divided by h(-26).
6
Suppose -5*t + 369 + 281 = 0. Suppose -z = z - t. What is the remainder when z is divided by 17?
14
Let m be (-1)/4 - (-126)/56. Suppose -4*r = h - 7*r - 9, r = m. Calculate the remainder when 57 is divided by h.
12
Let d = -1743 - -1859. What is the remainder when 575 is divided by d?
111
Suppose -32*y - 130 = -2626. What is the remainder when 146 is divided by y?
68
Suppose -3*g - g + 16 = 0. Suppose -g*n = n - 215. Suppose -c = w + w - n, -2*c = -w + 24. Calculate the remainder when 85 is divided by w.
19
Let o(a) = -4*a - 2. Let g be o(-1). Suppose -5*x = g*x - 2338. Calculate the remainder when x is divided by 28.
26
Let x(b) = -24*b + 612. Calculate the remainder when x(11) is divided by 70.
68
Let b = -763 - -865. Calculate the remainder when b is divided by 30.
12
Let t = -36 + 24. Let v = 21 + t. Suppose -2*w + 15 = -v. Calculate the remainder when 33 is divided by w.
9
Suppose -l + 286 = 2*v, -v + 11*l + 161 = 7*l. Calculate the remainder when v is divided by 67.
11
Calculate the remainder when -7 + 8 - (-77 + (-2 - 1)) is divided by 14.
11
Calculate the remainder when 189 is divided by (78/(-10) - 20/(-25)) + 74.
55
Let n be (-22)/(-5) + 8/(-20). Let s be n/2*2/(-1). Calculate the remainder when (1 - 0/s) + 31 is divided by 12.
8
Suppose 1333 - 8935 = -7*l. Calculate the remainder when l is divided by 99.
96
Let y = 121 - 89. Calculate the remainder when 36 is divided by y.
4
Let i(g) = 82*g - 102. Calculate the remainder when i(7) is divided by 11.
10
Let l = 1353 + -1316. What is the remainder when 809 is divided by l?
32
Suppose -3*f + 0*f = -219. Let m(a) = 4*a**2 + 31*a + 8. Let p be m(-9). Calculate the remainder when f is divided by p/3 + 3/9 - -1.
16
Suppose -4*h = -5*u + 7, -5 = 4*u - 1. Let v = -91 + 114. Calculate the remainder when v is divided by (-70)/(-6) + (-1)/h.
11
Let f = -8 + 11. Suppose u + 76 = 5*g, 4 = -f*u + 1. Calculate the remainder when 57 is divided by g.
12
Calculate the remainder when 100 is divided by ((-1)/(-2))/((-18)/(-1368)).
24
Suppose 4*d - 1 = -5*i + 6, 3*i = d - 6. Suppose 0 = -u + 2*v + 5, 2*u + u + 3*v + d = 0. What is the remainder when 5 is divided by u?
0
Suppose 9 - 85 = -m - 2*i, -4*i = -2*m + 136. What is the remainder when m is divided by 37?
35
What is the remainder when ((-17)/(-6))/((3 - 2)/6) is divided by 9?
8
Suppose -h + 62 = 5*v, 20 = -2*h + 2*v + 192. Let b(m) = -m**3 - 5*m**2 - 4*m + 1. Calculate the remainder when h is divided by b(-5).
19
Let h = -651 - -782. Calculate the remainder when 912 is divided by h.
126
Let k(o) = -3*o + 31. Let a be 4/(-2) - (-9 - 2). Suppose -v + 5*p - 4 + 6 = 0, 0 = -3*v + 2*p + 6. What is the remainder when k(a) is divided by v?
0
What is the remainder when 2367 is divided by (135/63)/(7/49)?
12
Suppose 36*j - 85 = 35*j + f, -3*j + 4*f = -260. What is the remainder when 317 is divided by j?
77
Let a(v) = v**3 + 18*v**2 - 41*v - 17. What is the remainder when a(-20) is divided by 3?
0
Suppose 342 + 276 = 6*w. Calculate the remainder when w is divided by 26.
25
Let t be 3*(-3)/15 - (-768)/(-20). Let m be 4/(-34) + 2016/(-204). Let h = m - t. What is the remainder when 114 is divided by h?
27
Let p = -41 - -68. Calculate the remainder when (2/8)/(1/316) is divided by p.
25
Let j be (58/(-3) + -2)*(15 - 18). Suppose 0 = 59*k - 61*k + j. What is the remainder when k is divided by 6?
2
Suppose -3*k + 5*f = 19 - 140, 0 = -5*k + f + 165. Let h = -76 + 265. Calculate the remainder when h is divided by k.
29
Let x(m) = 5*m + 4. Let z(t) = -4*t - 4. Let r(g) = 5*x(g) + 6*z(g). Let w be r(10). Suppose 21 = -3*k + w*k. Calculate the remainder when k is divided by 2.
1
What is the remainder when 95 + (-35)/7 + 9 is divided by 17?
14
Suppose 42*p - 37*p = 35. What is the remainder when 12/p*(-77)/(-22) is divided by -3*(-2 - 1/(-1))?
0
Let q(u) = u**3 - 12*u**2 - 25*u + 4. What is the remainder when q(14) is divided by 10?
6
Let m(g) = -2*g**2 + 3*g - 26. Let j(n) = n**2 - n + 13. Let k(w) = 7*j(w) + 3*m(w). What is the remainder when 81 is divided by k(-4)?
18
Let k be (89*-9 + -3)/(-1). Suppose 4*a = 10*a - k. Calculate the remainder when a is divided by 46.
42
Let c be (-4)/(-18) - 34/(-9). Suppose -c*g + 30 = -58. Let i = 45 - g. Calculate the remainder when 45 is divided by i.
22
Let u(z) = -z**3 + 7*z**2 + 58*z + 15. Calculate the remainder when u(11) is divided by 65.
39
Suppose 214 = 8*s - 6*s. Calculate the remainder when s is divided by 37.
33
Suppose 5*t + 75 = 4*v - 12, -2*v + 45 = -t. What is the remainder when v is divided by 2?
1
Suppose -3*g + 4*r = -67, -g - r - 5 = -25. Calculate the remainder when 166 is divided by g.
19
Suppose -l = b + 245, 0*l - b - 487 = 2*l. What is the remainder when 1/(l/122 - (1 + -3)) is divided by 21?
19
Let v be ((1 - 2) + 20)*1. Let s = v - 13. Let j(q) = -q**3 - 7*q**2 - 10*q + 17. What is the remainder when j(-5) is divided by s?
5
Let y = -53 - -58. Suppose -y*n = -2*c - 52, -n = -0*n + 2*c - 20. Calculate the remainder when 34 is divided by n.
10
Suppose 3*r - 18 - 12 = 0. Suppose 2*o = -2*i - 2*i + 24, -3*i = -12. What is the remainder when r + (3 - 2)/1 is divided by o?
3
Let r(d) = -3*d**3 - 31*d - 162. What is the remainder when r(-5) is divided by 10?
8
Let v(w) = -w**3 + 23*w**2 - 44*w + 25. Calculate the remainder when v(20) is divided by 70.
65
Let f be (-40)/(2 - (-12)/(-3)). Let l = f - -50. What is the remainder when l is divided by 18?
16
Let d(g) = 3*g + 42. What is the remainder when 66 is divided by d(-8)?
12
Suppose 28 = -3*b - 5. Let r = b - -21. Suppose 5*q = -4*v + 86, 2 = -5*q + 12. What is the remainder when v is divided by r?
9
Let j = -11 + 16. Suppose 4*v + 3*s = 20, -j*s + 25 = 4*v + v. What is the remainder when v is divided by 3?
2
Suppose 0 = 3*l - 9 + 87. Let t = l - -55. Suppose 143*m + 50 = 148*m. What is the remainder when t is divided by m?
9
Let f = -444 + 666. Calculate the remainder when f is divided by 65.
27
Let q(z) = 2*z**2 + z - 2 + 8*z + 0*z**2. Calculate the remainder when 131 is divided by q(-7).
32
Suppose 47*v - 42*v = 130. What is the remainder when 128 is divided by v?
24
Let q(t) = 3*t**3 + 3*t**2 - 8*t - 5. What is the remainder when 20 is divided by q(2)?
5
Suppose t - 6 + 0 = 0. Suppose -4*p = -3*p - t. Calculate the remainder when 12 is divided by 1 + 0 + p + 0.
5
Suppose g + 76 = 3*g. What is the remainder when 135 is divided by g?
21
Let n(u) = u**3 + u**2 + u. Let z be n(-2). What is the remainder when (z/8)/((-42)/56) is divided by 1?
0
Let m(r) = 12*r - 14. Let u(f) = 13*f - 14. Let q(b) = 3*m(b) - 2*u(b). Calculate the remainder when 99 is divided by q(4).
21
Let q = -42 - 10. Let t = 111 + q. Calculate the remainder when t is divided by 12.
11
What is the remainder when (9 - 45)*62/(-6) is divided by 15?
12
Let i(v) = -v**2 - 2*v + 34. What is the remainder when i(0) is divided by 5?
4
Let n(k) = -k**2 + 25*k - 95. What is the remainder when 160 is divided by n(15)?
50
Suppose 0 = 2*i + 6, -2*k - 5*i - 7 = -0*i. What is the remainder when 9/(5 + -9 - (-33)/6) is divided by k?
2
Let g be 76/28 + (-6)/(-21). Suppose 0 = 2*c - q - g + 4, 2*c = 4*q + 14. Let r(v) = -11*v + 2. What is the remainder when r(c) is divided by 18?
17
Suppose -138*i = -109*i - 87. Suppose 0 = 4*b - 5*b + 1. Calculate the remainder when i is divided by b.
0
Let z = -679 + 759. What is the remainder when z is divided by (-12)/10*(-90)/4?
26
Let l